ime factors of 4703230?
2, 5, 7, 67189
What are the prime factors of 119625410?
2, 5, 83, 101, 1427
List the prime factors of 296568808.
2, 17, 23, 94811
List the prime factors of 121891780.
2, 5, 197, 30937
What are the prime factors of 429528037?
429528037
List the prime factors of 18712533.
3, 7, 47, 18959
What are the prime factors of 198883931?
47, 53, 79841
List the prime factors of 1029443176.
2, 128680397
What are the prime factors of 412897338?
2, 3, 7, 121369
List the prime factors of 607855552.
2, 211, 45013
List the prime factors of 109964428.
2, 7, 80149
What are the prime factors of 47413253?
47413253
List the prime factors of 83502989.
83502989
List the prime factors of 54386465.
5, 7, 179, 8681
List the prime factors of 35387888.
2, 29, 53, 1439
List the prime factors of 1843707171.
3, 17, 36151121
What are the prime factors of 4453009232?
2, 7, 149, 266839
List the prime factors of 98785090.
2, 5, 9878509
What are the prime factors of 2925108098?
2, 11, 137, 241, 4027
What are the prime factors of 21798360?
2, 3, 5, 151, 401
List the prime factors of 5918900828.
2, 1479725207
What are the prime factors of 406105866?
2, 3, 7520479
What are the prime factors of 212015927?
19, 937, 11909
List the prime factors of 185750219.
185750219
What are the prime factors of 216094990?
2, 5, 17, 1271147
List the prime factors of 151600144.
2, 9475009
List the prime factors of 94756569.
3, 239, 132157
List the prime factors of 600381834.
2, 3, 13, 23, 334661
What are the prime factors of 40167090?
2, 3, 5, 17, 2917
What are the prime factors of 91862400?
2, 3, 5, 7, 1367
What are the prime factors of 681902215?
5, 17, 67, 119737
List the prime factors of 8578714.
2, 83, 51679
List the prime factors of 11034731.
11034731
What are the prime factors of 2437114825?
5, 41, 2377673
List the prime factors of 7198540.
2, 5, 23, 15649
What are the prime factors of 169759719?
3, 181, 11579
List the prime factors of 88376680.
2, 5, 7, 315631
What are the prime factors of 305223958?
2, 13, 11739383
List the prime factors of 50568462.
2, 3, 7, 19, 2347
List the prime factors of 543070696.
2, 7, 9697691
List the prime factors of 4938469912.
2, 12163, 50753
List the prime factors of 271801571.
271801571
List the prime factors of 7034756939.
7, 53, 18961609
List the prime factors of 2059173922.
2, 13, 467, 169591
What are the prime factors of 99814742?
2, 49907371
List the prime factors of 35976584.
2, 7, 1873
What are the prime factors of 77815783?
17, 331, 13829
List the prime factors of 1044840216.
2, 3, 7, 6219287
What are the prime factors of 4015907572?
2, 1003976893
What are the prime factors of 27147973?
29, 37, 25301
What are the prime factors of 3742631416?
2, 113, 4140079
What are the prime factors of 664984239?
3, 29, 37, 337, 613
List the prime factors of 95111317.
7, 31, 438301
What are the prime factors of 59707025?
5, 7, 19, 17957
What are the prime factors of 1696365487?
1696365487
What are the prime factors of 692732404?
2, 7, 13, 38839
List the prime factors of 332404190.
2, 5, 43, 113, 6841
What are the prime factors of 24096449?
13, 97, 197
List the prime factors of 64463102.
2, 11, 37, 79193
What are the prime factors of 300648678?
2, 3, 11, 4555283
List the prime factors of 951414761.
11, 619, 139729
List the prime factors of 113785104.
2, 3, 2370523
What are the prime factors of 191121105?
3, 5, 7, 1820201
What are the prime factors of 101843741?
101843741
List the prime factors of 189413802.
2, 3, 83, 14087
What are the prime factors of 81855720?
2, 3, 5, 227377
What are the prime factors of 3595461053?
17, 1979, 106871
List the prime factors of 5853363382.
2, 149, 19642159
What are the prime factors of 5431549753?
7, 3221, 240899
What are the prime factors of 1936282589?
293, 6608473
List the prime factors of 37475522.
2, 7, 2676823
List the prime factors of 35049530.
2, 5, 31, 113063
What are the prime factors of 120262924?
2, 71, 423461
List the prime factors of 462397170.
2, 3, 5, 29, 457, 1163
List the prime factors of 10549806.
2, 3, 1758301
List the prime factors of 503606177.
307, 577, 2843
List the prime factors of 10774234.
2, 5387117
What are the prime factors of 1029012059?
43, 23930513
List the prime factors of 1056727937.
59, 79, 191, 1187
List the prime factors of 91032617.
13, 37, 189257
List the prime factors of 131269463.
13, 109, 92639
List the prime factors of 65094311.
4271, 15241
What are the prime factors of 768937005?
3, 5, 983, 17383
What are the prime factors of 5141073745?
5, 29, 35455681
What are the prime factors of 482663348?
2, 120665837
List the prime factors of 1032919647.
3, 1051, 327599
List the prime factors of 353369.
31, 11399
What are the prime factors of 180636715?
5, 7, 113, 45673
What are the prime factors of 31245762?
2, 3, 17, 306331
List the prime factors of 901448884.
2, 7, 4599229
What are the prime factors of 1952277492?
2, 3, 11, 433, 34157
What are the prime factors of 150607990?
2, 5, 13, 1158523
What are the prime factors of 357140292?
2, 3, 3581, 8311
What are the prime factors of 1005734251?
3559, 282589
List the prime factors of 362603903.
157, 439, 5261
What are the prime factors of 3431867400?
2, 3, 5, 13, 19, 31, 83
What are the prime factors of 505819116?
2, 3, 11, 1277321
What are the prime factors of 286804290?
2, 3, 5, 257, 37199
What are the prime factors of 22899492?
2, 3, 7, 11, 751
List the prime factors of 212761737.
3, 23640193
What are the prime factors of 2399787942?
2, 3, 399964657
What are the prime factors of 3169916411?
101, 191, 164321
What are the prime factors of 3506021517?
3, 1168673839
List the prime factors of 2296468540.
2, 5, 114823427
What are the prime factors of 519600988?
2, 17, 107, 71413
List the prime factors of 1651374.
2, 3, 53, 577
What are the prime factors of 235290410?
2, 5, 43, 131, 4177
What are the prime factors of 2974637658?
2, 3, 41, 101, 119723
What are the prime factors of 111264264?
2, 3, 73, 21169
List the prime factors of 282855141.
3, 563, 55823
List the prime factors of 3065249478.
2, 3, 47, 709, 15331
List the prime factors of 869597149.
19, 47, 20719
What are the prime factors of 3968538801?
3, 1322846267
What are the prime factors of 468154964?
2, 151, 775091
What are the prime factors of 4760223672?
2, 3, 19, 157, 66491
What are the prime factors of 3146241583?
1459, 2156437
List the prime factors of 202704523.
7, 907, 4561
List the prime factors of 607022824.
2, 83, 914191
What are the prime factors of 5690759400?
2, 3, 5, 193, 16381
What are the prime factors of 106765539?
3, 35588513
What are the prime factors of 261100716?
2, 3, 1223, 17791
What are the prime factors of 3197112545?
5, 11, 58129319
List the prime factors of 1917294410.
2, 5, 191729441
List the prime factors of 257214210.
2, 3, 5, 11, 19, 41023
List the prime factors of 319309566.
2, 3, 53218261
List the prime factors of 701046191.
701046191
What are the prime factors of 48523939?
48523939
What are the prime factors of 1133489933?
23, 43, 1146097
What are the prime factors of 1311811061?
11, 37, 977, 3299
List the prime factors of 1634182556.
2, 131, 3118669
What are the prime factors of 83468873?
29, 1489, 1933
List the prime factors of 28273966.
2, 7, 2019569
What are the prime factors of 614569887?
3, 233, 293071
What are the prime factors of 77572463?
77572463
What are the prime factors of 12917534?
2, 7, 922681
List the prime factors of 29111177.
2141, 13597
What are the prime factors of 6400204853?
7, 19, 113, 425857
List the prime factors of 1678969756.
2, 181, 2319019
List the prime factors of 1107891099.
3, 7, 17585573
What are the prime factors of 164189667?
3, 653, 83813
List the prime factors of 500646830.
2, 5, 4019, 12457
What are the prime factors of 20785878?
2, 3, 1154771
What are the prime factors of 125964565?
5, 25192913
List the prime factors of 763032554.
2, 381516277
List the prime factors of 1107328720.
2, 5, 97, 142697
List the prime factors of 69753941.
17, 4103173
What are the prime factors of 71635859?
71635859
What are the prime factors of 111475806?
2, 3, 13, 67, 83, 257
List the prime factors of 1219686129.
3, 109, 1243309
List the prime factors of 1638344736.
2, 3, 7, 812671
List the prime factors of 14003714.
2, 41, 